 57 = -f*o, -5*i - 3*o = 2*o - 95. Is i a composite number?
False
Let r be 3/(-4) + 189/28. Let j(q) = q**2 + 4*q - 1. Is j(r) a composite number?
False
Let v = 2 - -15. Let m = -213 + -5. Let t = v - m. Is t prime?
False
Let f(o) = o**2 - 14*o + 34. Let l be f(9). Let x = l - -44. Is x a prime number?
False
Let j be 15/9 - 3/(-9). Let b be 4*(-6)/(-4) + j. Suppose 364 = -4*z + b*z. Is z a composite number?
True
Let q = 5 + -5. Suppose q = -0*f - 2*f - 88. Let a = -7 - f. Is a a prime number?
True
Let n = 1373 - 2125. Let g = n - -1309. Is g prime?
True
Is ((-20)/15)/((-68)/733227) prime?
False
Let d(q) = -299*q**3 + 9*q**2 + 10*q + 19. Is d(-4) prime?
True
Let m = 1967 + -1096. Is m composite?
True
Let n be (1/2)/(3/14562). Let u = n + 1220. Is u a prime number?
False
Let j(t) = 2*t. Let k be j(2). Let z(g) = g - 2. Let l be z(k). Suppose 0*h - 197 = -3*h + 4*w, h - l*w = 63. Is h a prime number?
True
Let q(f) = 3*f**2 - 26*f - 19. Is q(-24) a composite number?
False
Let c(m) be the second derivative of 11*m**6/180 - m**5/120 - 7*m**4/12 + m. Let y(l) be the third derivative of c(l). Is y(6) composite?
False
Let z = 48335 + -28818. Is z composite?
True
Let z = -3 + 2. Let v(h) = 39*h**3 + 2*h**2 + h. Let g be v(z). Is g/4*(-9 + -1) composite?
True
Suppose 5*f + 209 = 4*j, -4*f + 153 = 3*j - 9*f. Let n = j + -45. Is n composite?
False
Suppose -116*i + 98*i + 278676 = 0. Is i a composite number?
True
Let v(a) = 427*a + 110. Is v(19) a composite number?
True
Suppose y + 15 = 4*f, 3*f - 3*y + 19 = 7*f. Is (-1)/4 - (-1173)/f prime?
True
Let y(n) = 53*n**2 - 14*n + 6. Let i be y(9). Suppose -3*g + 2506 = -b, -2*b + i = g + 4*g. Is g a prime number?
False
Let p(u) = -15*u - 154. Is p(-19) a composite number?
False
Let m be -2*2*12/(-24). Suppose -m*f = 4*r - 842, 0 = 2*r - 0*r - 2*f - 424. Is r composite?
False
Let z be ((-170)/(-6) - -3)*30. Let g = z + -310. Suppose 2*y + 2*y = -t + g, 0 = 3*y - 4*t - 463. Is y a prime number?
True
Let y = -2202 + 4412. Suppose -y + 8558 = 12*i. Is i a prime number?
False
Let p be (-286)/(-8) - 1/(-4). Let h(x) = 14*x - 27. Let w be h(2). Is 495/p - w/(-4) a prime number?
False
Suppose 0 = 6*z - 2*z + 12, c + 114 = -z. Let a = c + 217. Is a a prime number?
False
Let x = -346 - -1197. Is x a composite number?
True
Let l(q) = -2 - 10 - 1 - q + 9. Let a be l(-7). Let n(i) = 85*i - 4. Is n(a) a composite number?
False
Suppose 125828 + 7306 = 6*k. Is k composite?
False
Is (-4)/(-8) + 3/12*98442 composite?
False
Suppose -3793 = -8*w - 1209. Let k = w - 208. Is k a prime number?
False
Suppose -4*m + 21948 = q + 3*q, 2*m - 5*q - 10960 = 0. Is m a prime number?
False
Suppose 0 = -z + q + 8 - 1, -5*q = -3*z + 17. Let v = z - 7. Suppose 3 = -t + 6, -84 = -2*i - v*t. Is i a prime number?
False
Let y be 10/20 - (-82)/4. Suppose -s - 1 = -y. Let a = 75 - s. Is a composite?
True
Let i(y) = y**2 + 7*y - 1. Let g be i(-5). Let w(m) = -11*m**2 + 317*m - 321*m - 3*m**3 - 11 + 2*m**3. Is w(g) a composite number?
True
Let j be ((-1)/(-1))/((0 - 3)/(-12)). Suppose -j*v + 228 = -1416. Is v prime?
False
Suppose -8*k - 2*w - 1335 = -9*k, -1355 = -k - 2*w. Is k composite?
True
Let j(m) = -4*m + 211. Is j(31) a prime number?
False
Let j(m) = 239*m + 73. Is j(2) a composite number?
True
Let g = -77 - -122. Suppose 0 = j - g - 206. Is j composite?
False
Let l(g) = 393*g - 185. Is l(8) prime?
False
Suppose -16*f + 20*f = -2356. Let d = f + 920. Is d prime?
True
Let v be 0 + -2 - 1 - -3013. Suppose v = 3*y + 2*y. Suppose y = 2*z + 4*d + d, 0 = z + 5*d - 301. Is z prime?
False
Is 9/(54/42) - -4326 a prime number?
False
Let d = -39 + 54. Suppose 5*y = d, -v - 3*y = -0*y - 15. Is v/8*9160/10 prime?
False
Let n(y) = 65*y**2 + 19. Is n(6) composite?
True
Suppose 0 = 3*l - 3*h - 22092, -4*l - 5*h = -28712 - 789. Is l a composite number?
False
Suppose 4 = -4*z + 24. Suppose l + z = 0, l = v - 0*v - 1684. Is v composite?
True
Let z be (-1)/(-4) - (-51)/(-12). Let h be 1/((-4)/64*z). Is ((-2)/h)/((-4)/424) composite?
False
Let k = 2 - 1. Let g = -185 - -277. Is g/(-4)*k/(-1) composite?
False
Let u = 43 + -11. Suppose 4*n = 2*z - 72, n = 3*z - 86 - u. Let m = 117 - z. Is m prime?
False
Suppose 3*y - 3*u + 6*u = -9, 5 = -2*y - 3*u. Is ((-30)/45)/(y/8202) composite?
False
Suppose -b = -2*y + 471 + 679, -5*b = y - 553. Is y a prime number?
False
Suppose -2*j = 3*f - 4, 4*f - 5*j = f + 11. Suppose 0*b - 2*q + 10 = f*b, 5*b + q = 17. Suppose -b*t + 1571 = -436. Is t composite?
True
Suppose -6*z = -12*z + 27042. Is z a prime number?
True
Let x be -6 + 102/18 + (-5825)/3. Let l = -264 - x. Is l composite?
True
Let s = 24 - 38. Let z(c) = 4*c**2 + 20*c + 17. Is z(s) composite?
False
Let m(q) = q - 6. Let o be m(8). Suppose 0*z + 5*u + 15 = -5*z, o*z - 6 = 2*u. Suppose z = -0*l + 3*l - 21. Is l prime?
True
Suppose -3*w - 2*t = 2*t - 105173, w - 35056 = -t. Is w a composite number?
False
Let a(d) = -d**3 - 5*d**2 + 2*d - 5. Is a(-7) composite?
False
Let w(g) = 795*g - 1. Let b be w(1). Is (-3 - -5)*b/4 a prime number?
True
Let i = 24 - -58. Is i composite?
True
Let m = 1801 - -4006. Is m composite?
False
Suppose -3*u = -3*g - 18, -2 + 23 = 3*u - 4*g. Is 254/(u*(-2)/(-6)) composite?
True
Let y = 822 + -42. Suppose -f - 1 = 4, y = 5*g + 4*f. Is (219/(-4))/((-60)/g) prime?
False
Suppose -2*i + 41 = -5*p - 55, -5*i - 2*p = -269. Is i a prime number?
True
Let n(l) = 78*l**2 + 12*l + 11. Is n(-8) composite?
True
Suppose 0 = 6*r - 34 - 2. Suppose 3*d - c - 810 = -r*c, -5*d + 1316 = -3*c. Suppose -p - d = -6*p. Is p a prime number?
True
Suppose -2*l = -3*l + 10. Suppose 5*r - 8 + 18 = -3*y, 0 = -y + r + l. Suppose y*w - 543 - 262 = 0. Is w a composite number?
True
Let t = -14020 + 21785. Is t composite?
True
Let a = -7 - -9. Suppose 0 = -a*r - r + 90. Is 822/14 + r/105 a composite number?
False
Let s = 4894 + -3255. Is s a prime number?
False
Let d be 31545/15 + (-3 - 1). Let m = d - 1306. Is m composite?
True
Let r(g) = -g**3 - 3*g**2 + 2*g - 3. Let c be r(-4). Suppose -4*n + 3*a - 31 = 0, 2*a - 37 = c*n - 0*a. Is (1 + n)/(-3) + 185 prime?
False
Let u = -4828 + 9299. Is u prime?
False
Suppose 4*m + 559 = 2427. Suppose 3*c = m + 616. Is c composite?
True
Suppose 3*h - 532 = 44. Let t(j) = -13 + 68*j**2 - 3*j + h*j**2 + 15. Is t(1) prime?
False
Let a = 13 + -10. Let x be (-1447)/(-3) + 2/a. Let h = x - 212. Is h composite?
False
Let l(o) = -o**2 + 6*o. Let a be l(5). Let z be (4/a)/((-4)/(-30)). Let c = z - -31. Is c prime?
True
Suppose -r + 6*r - 5 = 0, -5*c + 46 = r. Let x(f) = f**3 - 10*f**2 + 7*f + 8. Let s be x(4). Let m = c - s. Is m composite?
True
Let c = 6670 - 1199. Is c a prime number?
True
Let x(q) = q**2 + 10*q + 4. Let l be x(-10). Let p(n) = 0*n**3 - 13*n**2 + n**3 + l - 8*n + 3. Is p(15) composite?
False
Let p = -24565 + 95576. Is p a composite number?
False
Let y(u) be the second derivative of -u**5/5 - u**4/6 + 2*u**3/3 + u**2/2 + 4*u. Suppose 0 = -19*j - 28 - 48. Is y(j) a prime number?
False
Let p = -34 - -38. Is p + -7 - (2 - 81*4) composite?
True
Suppose 27*r - 4201 = 26*r. Is r a composite number?
False
Let n = -3 - -3. Let d = n - 4. Is ((-22)/d + -3)*194 a composite number?
True
Suppose 3497 = 11*k - 14730. Is k composite?
False
Let a = -70 + 269. Is a + -2*6*(-3)/12 composite?
True
Suppose -w = 4*a - 19108 + 6617, 3*w - 6*a - 37509 = 0. Is w a composite number?
True
Suppose -8 + 9 = -f + 3*v, f - 15 = -5*v. Suppose -5*o = w - 2130, -5*w + o - 4*o = -10738. Is (0 - -1) + w/f a prime number?
True
Let v = -24 + 28. Suppose -v*t + 2850 = 2*i, -1129 = -3*t + 5*i + 1015. Is t composite?
True
Let r(q) = -q**3 + 10*q**2 - 9*q + 15. Let j be r(6). Let h = 1352 - j. Is h composite?
True
Suppose -1861 = 4*c + 383. Let x = 500 - c. Is x a prime number?
True
Is 3*277389/162 + (-2)/(-12) composite?
True
Suppose 85*j + 19794 = 88*j. Is j prime?
False
Let x(b) be the second derivative of -188*b**5/5 - b**4/4 - b**3/3 - 3*b**2/2 + b. Is x(-2) prime?
False
Suppose -8 = -4*m - 2*d, -m = -0*m - d - 2. Let y(c) = m*c + 3 + 0*c + 0*c + 3*c. Is y(10) prime?
True
Suppose 3*m + m - 9036 = 0. Suppose m = 5*l - 2*l. Let q = -274 + l. Is q a prime number?
True
Suppose 517*c = 523*c - 43170. Is c composite?
True
Suppose 10 = -2*j, -j = 3*d + 2*j + 3. Suppose 192 = d*t - 